{"id":27,"date":"2012-04-26T19:51:45","date_gmt":"2012-04-26T17:51:45","guid":{"rendered":"http:\/\/www.palliativpsychologie.de\/?page_id=27"},"modified":"2016-09-06T11:54:18","modified_gmt":"2016-09-06T09:54:18","slug":"das-institut","status":"publish","type":"page","link":"https:\/\/www.palliativpsychologie.de\/?page_id=27","title":{"rendered":"Das Institut"},"content":{"rendered":"<p>Mit dem 2012 gegr\u00fcndeten \u201cInstitut f\u00fcr Palliativpsychologie\u201d m\u00f6chten Jan Gramm und Daniel Berthold einen Ort\u00a0f\u00fcr die palliativpsychologisch fundierte Fort- und Weiterbildung von Menschen schaffen, die im Palliativ- und Hospizbereich arbeiten.<\/p>\n<p>Das Institut f\u00fcr Palliativpsychologie gliedert sich in drei Ressorts.<\/p>\n<p>\u2022 Ressort Fort- und Weiterbildung<br \/>\nInsbesondere bieten wir die Weiterbildung &#8222;Palliative Care f\u00fcr Psychologen&#8220; an, die auf dem Curriculum der Deutschen Gesellschaft f\u00fcr Palliativmedizin (DGP) basiert und auch von der DGP zertifiziert wird.\u00a0Dar\u00fcber hinaus werden multiprofessionell ausgerichtete Formate wie Fortbildungen zu ausgew\u00e4hlten Themen und Seminare zur Selbstf\u00fcrsorge angeboten.<\/p>\n<p>\u2022 Ressort Supervision\/Coaching\/Beratung<br \/>\nF\u00fcr Palliativteams, aber auch f\u00fcr Teams von Einrichtungen, die immer wieder mit Sterben und Tod konfrontiert sind, bieten wir Supervision an. Gruppensupervisionen k\u00f6nnen von Einzelpersonen in Anspruch genommen werden, die sich zusammenschlie\u00dfen (z.B. Haus\u00e4rzte). Auch Einzel-Coachings rund um &#8222;palliative Themen&#8220; bieten wir an (ethische Entscheidungsfindung, Selbstf\u00fcrsorge, Sterbewunsch etc.).<\/p>\n<p>\u2022 Ressort Forschung<br \/>\nIn der palliativpsychologischen Forschung widmen wir uns\u00a0einem breiten Spektrum von Fragestellungen, die die psychologische Arbeit mit sterbenden Menschen betreffen. Dar\u00fcber hinaus ist die Durchf\u00fchrung von wissenschaftlichen Fachveranstaltungen in unterschiedlichen Formaten vorgesehen.<\/p>\n<p><a href=\"http:\/\/www.palliativpsychologie.de\/wp-content\/uploads\/Flyer_Palliativpsychologie_2016.pdf\">\u00bb Info-Flyer als PDF<\/a><\/p>\n","protected":false},"excerpt":{"rendered":"<p>Mit dem 2012 gegr\u00fcndeten \u201cInstitut f\u00fcr Palliativpsychologie\u201d m\u00f6chten Jan Gramm und Daniel Berthold einen Ort\u00a0f\u00fcr die palliativpsychologisch fundierte Fort- und Weiterbildung von Menschen schaffen, die im Palliativ- und Hospizbereich arbeiten. Das Institut f\u00fcr Palliativpsychologie gliedert sich in drei Ressorts. \u2022 &hellip; <a href=\"https:\/\/www.palliativpsychologie.de\/?page_id=27\">Weiterlesen <span class=\"meta-nav\">&rarr;<\/span><\/a><\/p>\n","protected":false},"author":1,"featured_media":0,"parent":0,"menu_order":0,"comment_status":"closed","ping_status":"closed","template":"sidebar-page.php","meta":{"footnotes":""},"class_list":["post-27","page","type-page","status-publish","hentry"],"_links":{"self":[{"href":"https:\/\/www.palliativpsychologie.de\/index.php?rest_route=\/wp\/v2\/pages\/27","targetHints":{"allow":["GET"]}}],"collection":[{"href":"https:\/\/www.palliativpsychologie.de\/index.php?rest_route=\/wp\/v2\/pages"}],"about":[{"href":"https:\/\/www.palliativpsychologie.de\/index.php?rest_route=\/wp\/v2\/types\/page"}],"author":[{"embeddable":true,"href":"https:\/\/www.palliativpsychologie.de\/index.php?rest_route=\/wp\/v2\/users\/1"}],"replies":[{"embeddable":true,"href":"https:\/\/www.palliativpsychologie.de\/index.php?rest_route=%2Fwp%2Fv2%2Fcomments&post=27"}],"version-history":[{"count":41,"href":"https:\/\/www.palliativpsychologie.de\/index.php?rest_route=\/wp\/v2\/pages\/27\/revisions"}],"predecessor-version":[{"id":3290,"href":"https:\/\/www.palliativpsychologie.de\/index.php?rest_route=\/wp\/v2\/pages\/27\/revisions\/3290"}],"wp:attachment":[{"href":"https:\/\/www.palliativpsychologie.de\/index.php?rest_route=%2Fwp%2Fv2%2Fmedia&parent=27"}],"curies":[{"name":"wp","href":"https:\/\/api.w.org\/{rel}","templated":true}]}}