{"id":2677,"date":"2014-11-10T19:24:19","date_gmt":"2014-11-10T18:24:19","guid":{"rendered":"http:\/\/www.palliativpsychologie.de\/?page_id=2677"},"modified":"2016-02-22T12:10:43","modified_gmt":"2016-02-22T11:10:43","slug":"dignity-therapy-wuerde-therapie","status":"publish","type":"page","link":"https:\/\/www.palliativpsychologie.de\/?page_id=2677","title":{"rendered":"Dignity Therapy"},"content":{"rendered":"<p>Dignity Therapy &#8211; W\u00fcrdezentrierte Therapie &#8211; ist eine psychologische Interventionsform speziell f\u00fcr Palliativpatienten. Sie basiert auf einer empirischen Untersuchung von einer Arbeitsgruppe um Dr. Harvey Max Chochinov (Kanada) dar\u00fcber, was Patienten mit unheilbaren Erkrankungen unter &#8222;W\u00fcrde&#8220; verstehen. Die Methode ist seit einigen Jahren in der Palliativszene bekannt, allerdings wurde sie in Deutschland bislang kaum angewandt. Wir sind der Meinung, dass Dignity Therapy (DT) eine sehr wirkungsvolle Methode darstellt, weshalb wir gerne dazu beitragen m\u00f6chten, sie bekannter zu machen.<\/p>\n<p>Auf diesen Seiten erfahren Sie etwas \u00fcber<\/p>\n<ul>\n<li>die<a href=\"http:\/\/www.palliativpsychologie.de\/?page_id=2715\"> <strong>Grundlagen der DT<\/strong><\/a><\/li>\n<li>das <a href=\"http:\/\/www.palliativpsychologie.de\/?page_id=2709\"><strong>W\u00fcrde-Modell<\/strong><\/a> von H. Chochinov<\/li>\n<li>N\u00e4heres zur <strong><a href=\"http:\/\/www.palliativpsychologie.de\/?page_id=2711\">Die psychologische Intervention<\/a><\/strong><\/li>\n<li><strong><a href=\"http:\/\/www.palliativpsychologie.de\/?page_id=2713\">FAQ<\/a><\/strong><\/li>\n<\/ul>\n<p>Besonders erfreut waren wir, als\u00a0Prof. Dr. Martin Weber, der Leiter der Interdisziplin\u00e4ren Abteilung f\u00fcr Palliativmedizin der Universit\u00e4tsmedizin Mainz, im Jahr 2014 mit dem Vorschlag auf uns zukam eine Fachtagung zu diesem Thema zu veranstalten. Er nahm Kontakt zu Harvey M. Chochinov auf und lud ihn nach Deutschland ein.<\/p>\n<p>Am 3.\/4. November 2014 fand dann in Mainz die Fachtagung <a title=\"W\u00fcrde und existentielles Leid\" href=\"http:\/\/www.palliativpsychologie.de\/wp-content\/uploads\/Flyer_Palliativ_Wuerde-am-Ende-des-Lebens.pdf\" target=\"_blank\">&#8222;W\u00fcrde und existentielles Leid am Ende des Lebens&#8220;<\/a> statt. Neben Harvey Chochinov berichteten auch Miguel Juli\u00e3o aus Portugal und Lise Houmann aus D\u00e4nemark von ihren Erfahrungen mit und Forschungen \u00fcber Dignity Therapy. Im Anschluss an die Tagung fand ein Workshop statt, in welchem 16 Teilnehmer in der Durchf\u00fchrung von Dignity Therapy geschult wurden.<\/p>\n<p>&nbsp;<\/p>\n<p>Inzwischen haben wir gemeinsam mit Dipl.-Psych. Sandra Mai aus dem Team von Prof. Dr. Martin Weber bereits einige Workshops durchgef\u00fchrt. Sie finden das Workshop-Angebot auf der Website <a href=\"http:\/\/www.patientenwuerde.de\/\" target=\"_blank\">www.patientenwuerde.de<\/a>.<br \/>\nWenn Sie Interesse haben, Dignity-Therapy kennenzulernen, durchzuf\u00fchren oder sich mit anderen Anwendern vernetzen wollen, k\u00f6nnen Sie \u00fcber das <a href=\"http:\/\/www.patientenwuerde.de\/?page_id=113\" target=\"_blank\">Kontaktformular auf www.patientenwuerde.de<\/a> in Verbindung mit uns treten.<\/p>\n<p>&nbsp;<\/p>\n","protected":false},"excerpt":{"rendered":"<p>Dignity Therapy &#8211; W\u00fcrdezentrierte Therapie &#8211; ist eine psychologische Interventionsform speziell f\u00fcr Palliativpatienten. Sie basiert auf einer empirischen Untersuchung von einer Arbeitsgruppe um Dr. Harvey Max Chochinov (Kanada) dar\u00fcber, was Patienten mit unheilbaren Erkrankungen unter &#8222;W\u00fcrde&#8220; verstehen. Die Methode ist &hellip; <a href=\"https:\/\/www.palliativpsychologie.de\/?page_id=2677\">Weiterlesen <span class=\"meta-nav\">&rarr;<\/span><\/a><\/p>\n","protected":false},"author":1,"featured_media":0,"parent":1359,"menu_order":0,"comment_status":"closed","ping_status":"closed","template":"sidebar-page.php","meta":{"footnotes":""},"class_list":["post-2677","page","type-page","status-publish","hentry"],"_links":{"self":[{"href":"https:\/\/www.palliativpsychologie.de\/index.php?rest_route=\/wp\/v2\/pages\/2677","targetHints":{"allow":["GET"]}}],"collection":[{"href":"https:\/\/www.palliativpsychologie.de\/index.php?rest_route=\/wp\/v2\/pages"}],"about":[{"href":"https:\/\/www.palliativpsychologie.de\/index.php?rest_route=\/wp\/v2\/types\/page"}],"author":[{"embeddable":true,"href":"https:\/\/www.palliativpsychologie.de\/index.php?rest_route=\/wp\/v2\/users\/1"}],"replies":[{"embeddable":true,"href":"https:\/\/www.palliativpsychologie.de\/index.php?rest_route=%2Fwp%2Fv2%2Fcomments&post=2677"}],"version-history":[{"count":15,"href":"https:\/\/www.palliativpsychologie.de\/index.php?rest_route=\/wp\/v2\/pages\/2677\/revisions"}],"predecessor-version":[{"id":3185,"href":"https:\/\/www.palliativpsychologie.de\/index.php?rest_route=\/wp\/v2\/pages\/2677\/revisions\/3185"}],"up":[{"embeddable":true,"href":"https:\/\/www.palliativpsychologie.de\/index.php?rest_route=\/wp\/v2\/pages\/1359"}],"wp:attachment":[{"href":"https:\/\/www.palliativpsychologie.de\/index.php?rest_route=%2Fwp%2Fv2%2Fmedia&parent=2677"}],"curies":[{"name":"wp","href":"https:\/\/api.w.org\/{rel}","templated":true}]}}