{"id":209,"date":"2012-07-03T14:12:46","date_gmt":"2012-07-03T12:12:46","guid":{"rendered":"http:\/\/www.palliativpsychologie.de\/?page_id=209"},"modified":"2015-12-18T10:59:20","modified_gmt":"2015-12-18T09:59:20","slug":"selbstverstaendnis","status":"publish","type":"page","link":"https:\/\/www.palliativpsychologie.de\/?page_id=209","title":{"rendered":"Selbstverst\u00e4ndnis"},"content":{"rendered":"<p>Das Institut f\u00fcr Palliativpsychologie soll ein Ort sein, an dem integriert wird, was wir als zusammengeh\u00f6rig verstehen:\u00a0Die Forschung mit der Praxis, die Wissenschaftlichkeit mit Ganzheitlichkeit, Analyse mit Empathie und Patientenf\u00fcrsorge mit angemessener Selbstf\u00fcrsorge.<\/p>\n<p>Vor allem aber m\u00f6chten wir den Tod integrieren: Als selbstverst\u00e4ndlichen Teil einer bewussten Lebenshaltung. Aber auch als zentralen Teil eines psychologischen und psychotherapeutischen Kompetenzprofils von Menschen im Berufsfeld Palliative Care und angrenzenden Berufsfeldern.<\/p>\n<p>Diese Haltung spiegelt sich in unserem Logo wieder. Das Bogenelement nimmt die Form des Himmelsgew\u00f6lbes in einem\u00a0Holzstich\u00a0auf, der 1888\u00a0in Camille Flammarions Band &#8222;L\u2019Atmosph\u00e8re. M\u00e9t\u00e9orologie populaire&#8220; erschien.\u00a0Der Stich sollte damals die dem Mittelalter zugeschriebene Vorstellung illustrieren, man k\u00f6nne \u2013 wenn man nur hoch genug steige \u2013 an den Punkt gelangen, wo sich Himmel und Erde ber\u00fchren. Mit der Aufkl\u00e4rung wurde dieses Weltbild verworfen und als naiv abgewertet. Ebenso wie Flammarion, der als Naturwissenschaftler sehr wohl um die Grenzen des Erkl\u00e4rbaren wusste, m\u00f6chten wir es als Ausdruck einer tiefen Intuition verstehen: Dass\u00a0die Psychologie des Menschen \u00fcber das\u00a0Himmelsgew\u00f6lbe des Erkl\u00e4rbaren und in Worte Fassbaren\u00a0hinaus reicht.<\/p>\n<p><img loading=\"lazy\" decoding=\"async\" class=\"wp-image-795 alignleft\" style=\"border: 0px; margin-left: -8px; margin-right: 0px;\" title=\"Flammarion\" src=\"http:\/\/www.palliativpsychologie.de\/wp-content\/uploads\/Flammarion.jpg\" alt=\"\" width=\"216\" height=\"180\" \/><\/p>\n<p><img loading=\"lazy\" decoding=\"async\" class=\"alignleft wp-image-794\" style=\"border: 0px; margin: 60px 30px;\" title=\"Druck\" src=\"http:\/\/www.palliativpsychologie.de\/wp-content\/uploads\/Logo_ipp12.jpg\" alt=\"\" width=\"209\" height=\"60\" \/><\/p>\n<p>&nbsp;<\/p>\n<p>&nbsp;<\/p>\n","protected":false},"excerpt":{"rendered":"<p>Das Institut f\u00fcr Palliativpsychologie soll ein Ort sein, an dem integriert wird, was wir als zusammengeh\u00f6rig verstehen:\u00a0Die Forschung mit der Praxis, die Wissenschaftlichkeit mit Ganzheitlichkeit, Analyse mit Empathie und Patientenf\u00fcrsorge mit angemessener Selbstf\u00fcrsorge. Vor allem aber m\u00f6chten wir den Tod &hellip; <a href=\"https:\/\/www.palliativpsychologie.de\/?page_id=209\">Weiterlesen <span class=\"meta-nav\">&rarr;<\/span><\/a><\/p>\n","protected":false},"author":1,"featured_media":0,"parent":27,"menu_order":0,"comment_status":"closed","ping_status":"closed","template":"sidebar-page.php","meta":{"footnotes":""},"class_list":["post-209","page","type-page","status-publish","hentry"],"_links":{"self":[{"href":"https:\/\/www.palliativpsychologie.de\/index.php?rest_route=\/wp\/v2\/pages\/209","targetHints":{"allow":["GET"]}}],"collection":[{"href":"https:\/\/www.palliativpsychologie.de\/index.php?rest_route=\/wp\/v2\/pages"}],"about":[{"href":"https:\/\/www.palliativpsychologie.de\/index.php?rest_route=\/wp\/v2\/types\/page"}],"author":[{"embeddable":true,"href":"https:\/\/www.palliativpsychologie.de\/index.php?rest_route=\/wp\/v2\/users\/1"}],"replies":[{"embeddable":true,"href":"https:\/\/www.palliativpsychologie.de\/index.php?rest_route=%2Fwp%2Fv2%2Fcomments&post=209"}],"version-history":[{"count":89,"href":"https:\/\/www.palliativpsychologie.de\/index.php?rest_route=\/wp\/v2\/pages\/209\/revisions"}],"predecessor-version":[{"id":3062,"href":"https:\/\/www.palliativpsychologie.de\/index.php?rest_route=\/wp\/v2\/pages\/209\/revisions\/3062"}],"up":[{"embeddable":true,"href":"https:\/\/www.palliativpsychologie.de\/index.php?rest_route=\/wp\/v2\/pages\/27"}],"wp:attachment":[{"href":"https:\/\/www.palliativpsychologie.de\/index.php?rest_route=%2Fwp%2Fv2%2Fmedia&parent=209"}],"curies":[{"name":"wp","href":"https:\/\/api.w.org\/{rel}","templated":true}]}}

Selbstverständnis

<p>Das Institut für Palliativpsychologie soll ein Ort sein, an dem integriert wird, was wir als zusammengehörig verstehen: Die Forschung mit der Praxis, die Wissenschaftlichkeit mit Ganzheitlichkeit, Analyse mit Empathie und Patientenfürsorge mit angemessener Selbstfürsorge.</p>
<p>Vor allem aber möchten wir den Tod integrieren: Als selbstverständlichen Teil einer bewussten Lebenshaltung. Aber auch als zentralen Teil eines psychologischen und psychotherapeutischen Kompetenzprofils von Menschen im Berufsfeld Palliative Care und angrenzenden Berufsfeldern.</p>
<p>Diese Haltung spiegelt sich in unserem Logo wieder. Das Bogenelement nimmt die Form des Himmelsgewölbes in einem Holzstich auf, der 1888 in Camille Flammarions Band &#8222;L’Atmosphère. Météorologie populaire&#8220; erschien. Der Stich sollte damals die dem Mittelalter zugeschriebene Vorstellung illustrieren, man könne – wenn man nur hoch genug steige – an den Punkt gelangen, wo sich Himmel und Erde berühren. Mit der Aufklärung wurde dieses Weltbild verworfen und als naiv abgewertet. Ebenso wie Flammarion, der als Naturwissenschaftler sehr wohl um die Grenzen des Erklärbaren wusste, möchten wir es als Ausdruck einer tiefen Intuition verstehen: Dass die Psychologie des Menschen über das Himmelsgewölbe des Erklärbaren und in Worte Fassbaren hinaus reicht.</p>
<p><img loading="lazy" decoding="async" class="wp-image-795 alignleft" style="border: 0px; margin-left: -8px; margin-right: 0px;" title="Flammarion" src="http://www.palliativpsychologie.de/wp-content/uploads/Flammarion.jpg" alt="" width="216" height="180" /></p>
<p><img loading="lazy" decoding="async" class="alignleft wp-image-794" style="border: 0px; margin: 60px 30px;" title="Druck" src="http://www.palliativpsychologie.de/wp-content/uploads/Logo_ipp12.jpg" alt="" width="209" height="60" /></p>
<p>&nbsp;</p>
<p>&nbsp;</p>

<p>Das Institut für Palliativpsychologie soll ein Ort sein, an dem integriert wird, was wir als zusammengehörig verstehen: Die Forschung mit der Praxis, die Wissenschaftlichkeit mit Ganzheitlichkeit, Analyse mit Empathie und Patientenfürsorge mit angemessener Selbstfürsorge. Vor allem aber möchten wir den Tod &hellip; <a href="https://www.palliativpsychologie.de/?page_id=209">Weiterlesen <span class="meta-nav">&rarr;</span></a></p>
