{"id":204,"date":"2012-07-03T13:42:59","date_gmt":"2012-07-03T11:42:59","guid":{"rendered":"http:\/\/www.palliativpsychologie.de\/?page_id=204"},"modified":"2022-07-13T13:27:15","modified_gmt":"2022-07-13T11:27:15","slug":"team","status":"publish","type":"page","link":"https:\/\/www.palliativpsychologie.de\/?page_id=204","title":{"rendered":"Team"},"content":{"rendered":"<div id=\"wp_editbtns\" style=\"display: block; top: 419.067px; left: 616px;\"><\/div>\n<table border=\"0\">\n<tbody>\n<tr>\n<td width=\"50%\"><img loading=\"lazy\" decoding=\"async\" class=\"alignleft wp-image-3327\" src=\"http:\/\/www.palliativpsychologie.de\/wp-content\/uploads\/JanGramm_2017a_sw-768x1024.jpg\" alt=\"\" width=\"151\" height=\"198\" \/><\/td>\n<td width=\"4%\"><\/td>\n<td width=\"50%\"><img loading=\"lazy\" decoding=\"async\" class=\"alignleft  wp-image-3767\" src=\"https:\/\/www.palliativpsychologie.de\/wp-content\/uploads\/MG_0857_klein-e1657711583403-746x1024.jpg\" alt=\"\" width=\"151\" height=\"203\" \/><\/td>\n<\/tr>\n<tr>\n<td>Jan Gramm, geboren 1966 in Esslingen, Studium der Psychologie und der Kunstp\u00e4dagogik an der Johann Wolfgang Goethe-Universit\u00e4t Frankfurt am Main. Grundausbildung in Psychodrama, Ausbildung in Systemischer Beratung (DGSF), Systemischer Supervision, Coaching und Organisationsberatung (DGSF), Fortbildungen in seelisch-spiritueller Sterbebegleitung (Institut f\u00fcr Leben und Sterben), Gewaltfreier Kommunikation nach Marshall B. Rosenberg (gewaltfrei-niederkaufungen), Leadership im Gesundheitswesen (Akademie Heiligenfeld), Ethikberatung (AEM). Nach 2-j\u00e4hriger T\u00e4tigkeit als ehrenamtlicher Hospizbegleiter seit 2006 als Psychologe im Palliativbereich t\u00e4tig (bis 2011 auf Palliativstationen, seit 2011 im ambulanten Palliativ-Team). Dozentent\u00e4tigkeit in der Weiterbildung Palliativmedizin f\u00fcr \u00c4rzte und in Palliative Care-Kursen. Kursleiter Palliative Care (DGP), Mitglied im Vorstand der Deutschen Gesellschaft f\u00fcr Palliativmedizin (DGP) von 2014-2016. Gr\u00fcnder, Gesellschafter und Gesch\u00e4ftsf\u00fchrer des Instituts f\u00fcr Palliativpsychologie.<\/td>\n<td><\/td>\n<td>Dr. Daniel Berthold, geboren\u00a01977 in Miltenberg, Studium der Psychologie an der\u00a0Bergischen Universit\u00e4t\u00a0Wuppertal und der Goethe-Universit\u00e4t Frankfurt am Main.\u00a0Promotionsstipendium\u00a0bei der Krebsforschung Rhein-Main e.V. Weiterbildung u.a.\u00a0in Palliative Care\u00a0f\u00fcr Psychologen (DGP), Psychoonkologie (DKG), Pers\u00f6nlichkeitsorientierter\u00a0Psychotherapie,\u00a0Leadership Maturity Framework-Entwicklungs-Begleitung,\u00a0Akzeptanz- und\u00a0Commitment-Therapie, Gewaltfreier Kommunikation nach Marshall\u00a0B. Rosenberg.\u00a03-j\u00e4hrige ehrenamtliche T\u00e4tigkeit bei der Ambulanten Hospizgruppe\u00a0des B\u00fcrgerinstituts\u00a0e.V. Frankfurt am Main. Seit 2014 wissenschaftliche und\u00a0klinisch-psychologische\u00a0T\u00e4tigkeit an der Medizinischen Klinik V, Internistische\u00a0Onkologie und\u00a0Palliativmedizin, Universit\u00e4tsklinikum Gie\u00dfen und Marburg,\u00a0Standort Gie\u00dfen.\u00a0Lehrauftr\u00e4ge u.a. an der Universit\u00e4t Frankfurt, Universit\u00e4tsmedizin\u00a0Mainz und Hochschule Hannover. Gr\u00fcnder, Gesellschafter und Gesch\u00e4ftsf\u00fchrer\u00a0des Instituts\u00a0f\u00fcr Palliativpsychologie, Frankfurt am Main.<br \/>\n<a href=\"http:\/\/www.daniel-berthold.de\" target=\"_blank\" rel=\"noopener noreferrer\">www.daniel-berthold.de<\/a><\/td>\n<\/tr>\n<\/tbody>\n<\/table>\n","protected":false},"excerpt":{"rendered":"<p>Jan Gramm, geboren 1966 in Esslingen, Studium der Psychologie und der Kunstp\u00e4dagogik an der Johann Wolfgang Goethe-Universit\u00e4t Frankfurt am Main. Grundausbildung in Psychodrama, Ausbildung in Systemischer Beratung (DGSF), Systemischer Supervision, Coaching und Organisationsberatung (DGSF), Fortbildungen in seelisch-spiritueller Sterbebegleitung (Institut f\u00fcr &hellip; <a href=\"https:\/\/www.palliativpsychologie.de\/?page_id=204\">Weiterlesen <span class=\"meta-nav\">&rarr;<\/span><\/a><\/p>\n","protected":false},"author":1,"featured_media":0,"parent":27,"menu_order":0,"comment_status":"closed","ping_status":"closed","template":"sidebar-page.php","meta":{"footnotes":""},"class_list":["post-204","page","type-page","status-publish","hentry"],"_links":{"self":[{"href":"https:\/\/www.palliativpsychologie.de\/index.php?rest_route=\/wp\/v2\/pages\/204","targetHints":{"allow":["GET"]}}],"collection":[{"href":"https:\/\/www.palliativpsychologie.de\/index.php?rest_route=\/wp\/v2\/pages"}],"about":[{"href":"https:\/\/www.palliativpsychologie.de\/index.php?rest_route=\/wp\/v2\/types\/page"}],"author":[{"embeddable":true,"href":"https:\/\/www.palliativpsychologie.de\/index.php?rest_route=\/wp\/v2\/users\/1"}],"replies":[{"embeddable":true,"href":"https:\/\/www.palliativpsychologie.de\/index.php?rest_route=%2Fwp%2Fv2%2Fcomments&post=204"}],"version-history":[{"count":124,"href":"https:\/\/www.palliativpsychologie.de\/index.php?rest_route=\/wp\/v2\/pages\/204\/revisions"}],"predecessor-version":[{"id":3768,"href":"https:\/\/www.palliativpsychologie.de\/index.php?rest_route=\/wp\/v2\/pages\/204\/revisions\/3768"}],"up":[{"embeddable":true,"href":"https:\/\/www.palliativpsychologie.de\/index.php?rest_route=\/wp\/v2\/pages\/27"}],"wp:attachment":[{"href":"https:\/\/www.palliativpsychologie.de\/index.php?rest_route=%2Fwp%2Fv2%2Fmedia&parent=204"}],"curies":[{"name":"wp","href":"https:\/\/api.w.org\/{rel}","templated":true}]}}