{"id":1635,"date":"2013-05-28T15:17:53","date_gmt":"2013-05-28T13:17:53","guid":{"rendered":"http:\/\/www.palliativpsychologie.de\/?page_id=1635"},"modified":"2013-05-28T15:52:53","modified_gmt":"2013-05-28T13:52:53","slug":"frieden-innerer","status":"publish","type":"page","link":"https:\/\/www.palliativpsychologie.de\/?page_id=1635","title":{"rendered":"Frieden, innerer"},"content":{"rendered":"<div class='AlphabeticList'><a href='https:\/\/www.palliativpsychologie.de\/?page_id=1229#A'>A<\/a> <a href='https:\/\/www.palliativpsychologie.de\/?page_id=1229#B'>B<\/a> <a href='https:\/\/www.palliativpsychologie.de\/?page_id=1229#D'>D<\/a> <a href='https:\/\/www.palliativpsychologie.de\/?page_id=1229#F'>F<\/a> <a href='https:\/\/www.palliativpsychologie.de\/?page_id=1229#G'>G<\/a> <a href='https:\/\/www.palliativpsychologie.de\/?page_id=1229#H'>H<\/a> <a href='https:\/\/www.palliativpsychologie.de\/?page_id=1229#I'>I<\/a> <a href='https:\/\/www.palliativpsychologie.de\/?page_id=1229#K'>K<\/a> <a href='https:\/\/www.palliativpsychologie.de\/?page_id=1229#L'>L<\/a> <a href='https:\/\/www.palliativpsychologie.de\/?page_id=1229#M'>M<\/a> <a href='https:\/\/www.palliativpsychologie.de\/?page_id=1229#N'>N<\/a> <a href='https:\/\/www.palliativpsychologie.de\/?page_id=1229#P'>P<\/a> <a href='https:\/\/www.palliativpsychologie.de\/?page_id=1229#R'>R<\/a> <a href='https:\/\/www.palliativpsychologie.de\/?page_id=1229#S'>S<\/a> <a href='https:\/\/www.palliativpsychologie.de\/?page_id=1229#T'>T<\/a> <a href='https:\/\/www.palliativpsychologie.de\/?page_id=1229#V'>V<\/a> <a href='https:\/\/www.palliativpsychologie.de\/?page_id=1229#W'>W<\/a> <a href='https:\/\/www.palliativpsychologie.de\/?page_id=1229#Z'>Z<\/a> <\/div><p>Die Frage nach dem &#8222;inneren Frieden&#8220; ist eine gute M\u00f6glichkeit, die spirituelle Dimension anzusprechen, da &#8222;innerer Frieden&#8220; hoch mit emotionalem und spirituellem Wohlbefinden korreliert (Steinhauser et al. 2006). Der Begriff weist einen engen Zusammenhang zu &#8222;Lebenssinn&#8220; und &#8222;<a href='https:\/\/www.palliativpsychologie.de\/?page_id=1464'>Glaube<\/a>&#8220; auf, unabh\u00e4ngig davon, ob sich der Patient einer traditionellen religi\u00f6sen Ausrichtung zugeh\u00f6rig f\u00fchlt oder ob er eine ganz individuelle Form der <a href='https:\/\/www.palliativpsychologie.de\/?page_id=1517'>Spiritualit\u00e4t<\/a> lebt.<\/p>\n<p>Den Artikel &#8222;Are You at Peace&#8220; (Steinhauser 2006) kann man <a href=\"http:\/\/archinte.jamanetwork.com\/article.aspx?articleid=409431\" target=\"_blank\">hier <\/a>herunterladen.<\/p>\n<p><span style=\"text-decoration: underline;\">Literatur:<\/span><br \/>\nSteinhauser KE, Voils CI, Clipp EC, Bosworth HB, Christakis NA, Tulsky JA. \u201cAre You at Peace?\u201d: One Item to Probe Spiritual Concerns at the End of Life. <i>Arch Intern Med. <\/i>2006;166(1):101-105. doi:10.1001\/archinte.166.1.101.<\/p>\n<p>&nbsp;<\/p>\n<p>&nbsp;<\/p>\n","protected":false},"excerpt":{"rendered":"<p>A B D F G H I K L M N P R S T V W Z Die Frage nach dem &#8222;inneren Frieden&#8220; ist eine gute M\u00f6glichkeit, die spirituelle Dimension anzusprechen, da &#8222;innerer Frieden&#8220; hoch mit emotionalem und spirituellem &hellip; <a href=\"https:\/\/www.palliativpsychologie.de\/?page_id=1635\">Weiterlesen <span class=\"meta-nav\">&rarr;<\/span><\/a><\/p>\n","protected":false},"author":1,"featured_media":0,"parent":1229,"menu_order":0,"comment_status":"closed","ping_status":"closed","template":"sidebar-page.php","meta":{"footnotes":""},"class_list":["post-1635","page","type-page","status-publish","hentry"],"_links":{"self":[{"href":"https:\/\/www.palliativpsychologie.de\/index.php?rest_route=\/wp\/v2\/pages\/1635","targetHints":{"allow":["GET"]}}],"collection":[{"href":"https:\/\/www.palliativpsychologie.de\/index.php?rest_route=\/wp\/v2\/pages"}],"about":[{"href":"https:\/\/www.palliativpsychologie.de\/index.php?rest_route=\/wp\/v2\/types\/page"}],"author":[{"embeddable":true,"href":"https:\/\/www.palliativpsychologie.de\/index.php?rest_route=\/wp\/v2\/users\/1"}],"replies":[{"embeddable":true,"href":"https:\/\/www.palliativpsychologie.de\/index.php?rest_route=%2Fwp%2Fv2%2Fcomments&post=1635"}],"version-history":[{"count":5,"href":"https:\/\/www.palliativpsychologie.de\/index.php?rest_route=\/wp\/v2\/pages\/1635\/revisions"}],"predecessor-version":[{"id":1638,"href":"https:\/\/www.palliativpsychologie.de\/index.php?rest_route=\/wp\/v2\/pages\/1635\/revisions\/1638"}],"up":[{"embeddable":true,"href":"https:\/\/www.palliativpsychologie.de\/index.php?rest_route=\/wp\/v2\/pages\/1229"}],"wp:attachment":[{"href":"https:\/\/www.palliativpsychologie.de\/index.php?rest_route=%2Fwp%2Fv2%2Fmedia&parent=1635"}],"curies":[{"name":"wp","href":"https:\/\/api.w.org\/{rel}","templated":true}]}}