{"id":107,"date":"2012-05-12T19:16:22","date_gmt":"2012-05-12T17:16:22","guid":{"rendered":"http:\/\/www.palliativpsychologie.de\/?page_id=107"},"modified":"2013-11-22T18:06:45","modified_gmt":"2013-11-22T17:06:45","slug":"persoenlichkeit","status":"publish","type":"page","link":"https:\/\/www.palliativpsychologie.de\/?page_id=107","title":{"rendered":"&#8230; und Pers\u00f6nlichkeit"},"content":{"rendered":"<p>Unter dem Begriff der Pers\u00f6nlichkeit laufen alle psychologischen Disziplinen zusammen: Mit dem Anspruch, die menschliche Individualit\u00e4t in all ihren Facetten \u2013 auch in ihrer spirituellen \u2013 zusammenzudenken und erkl\u00e4rbar zu machen.<\/p>\n<p>Die Pers\u00f6nlichkeitspsychologie kann die empathische Grundhaltung in Palliative Care um ein psychologisch hochaufgel\u00f6stes Bild des Menschen vervollst\u00e4ndigen.\u00a0Damit bietet sie der\u00a0Palliativpsychologie\u00a0einen analytischen Zugang, Menschen in ihrer Einzigartigkeit gerecht zu werden.<\/p>\n<p>Eine Palliativpsychologie, wie wir sie verstehen, ber\u00fccksichtigt die Pers\u00f6nlichkeit jedes einzelnen Menschen.\u00a0Das Institut f\u00fcr Palliativpsychologie beruft sich unter anderem auf die integrative Pers\u00f6nlichkeitstheorie Julius Kuhls, die zu einem umfassenden diagnostischen System sowie einer Pers\u00f6nlichkeitsorientierten Psychotherapie ausgebaut wurde.<\/p>\n<p>Veranstaltungen zu diesem Thema<\/p>\n<ul>\n<li><a title=\"palliativ+ Wie Pers\u00f6nlichkeit funktioniert oder die Kraft aus dem Selbst\" href=\"http:\/\/www.palliativpsychologie.de\/?event=palliativ-wie-personlichkeit-funktioniert-oder-die-kraft-aus-dem-selbst\">palliativ+ Wie Pers\u00f6nlichkeit funktioniert oder die Kraft aus dem Selbst<\/a><\/li>\n<\/ul>\n","protected":false},"excerpt":{"rendered":"<p>Unter dem Begriff der Pers\u00f6nlichkeit laufen alle psychologischen Disziplinen zusammen: Mit dem Anspruch, die menschliche Individualit\u00e4t in all ihren Facetten \u2013 auch in ihrer spirituellen \u2013 zusammenzudenken und erkl\u00e4rbar zu machen. Die Pers\u00f6nlichkeitspsychologie kann die empathische Grundhaltung in Palliative Care &hellip; <a href=\"https:\/\/www.palliativpsychologie.de\/?page_id=107\">Weiterlesen <span class=\"meta-nav\">&rarr;<\/span><\/a><\/p>\n","protected":false},"author":1,"featured_media":0,"parent":21,"menu_order":3,"comment_status":"closed","ping_status":"closed","template":"sidebar-page.php","meta":{"footnotes":""},"class_list":["post-107","page","type-page","status-publish","hentry"],"_links":{"self":[{"href":"https:\/\/www.palliativpsychologie.de\/index.php?rest_route=\/wp\/v2\/pages\/107","targetHints":{"allow":["GET"]}}],"collection":[{"href":"https:\/\/www.palliativpsychologie.de\/index.php?rest_route=\/wp\/v2\/pages"}],"about":[{"href":"https:\/\/www.palliativpsychologie.de\/index.php?rest_route=\/wp\/v2\/types\/page"}],"author":[{"embeddable":true,"href":"https:\/\/www.palliativpsychologie.de\/index.php?rest_route=\/wp\/v2\/users\/1"}],"replies":[{"embeddable":true,"href":"https:\/\/www.palliativpsychologie.de\/index.php?rest_route=%2Fwp%2Fv2%2Fcomments&post=107"}],"version-history":[{"count":46,"href":"https:\/\/www.palliativpsychologie.de\/index.php?rest_route=\/wp\/v2\/pages\/107\/revisions"}],"predecessor-version":[{"id":2121,"href":"https:\/\/www.palliativpsychologie.de\/index.php?rest_route=\/wp\/v2\/pages\/107\/revisions\/2121"}],"up":[{"embeddable":true,"href":"https:\/\/www.palliativpsychologie.de\/index.php?rest_route=\/wp\/v2\/pages\/21"}],"wp:attachment":[{"href":"https:\/\/www.palliativpsychologie.de\/index.php?rest_route=%2Fwp%2Fv2%2Fmedia&parent=107"}],"curies":[{"name":"wp","href":"https:\/\/api.w.org\/{rel}","templated":true}]}}